hat is -11 - 2102?
-2113
In base 9, what is 5 - -56?
62
In base 15, what is 650 + 2?
652
In base 2, what is 100101 - -11011111?
100000100
In base 13, what is -527 + 1?
-526
In base 13, what is 36 - -1?
37
In base 5, what is -3323 - 0?
-3323
In base 4, what is -322 + -103?
-1031
In base 11, what is -3a2 - -2?
-3a0
In base 4, what is -11 + -230113?
-230130
In base 4, what is -22 - 200?
-222
In base 10, what is -2010 - 2?
-2012
In base 4, what is 1 + -3330?
-3323
In base 6, what is -4 - -13303?
13255
In base 8, what is 1001 - -2?
1003
In base 8, what is -17 - -115?
76
In base 2, what is -10 - 10111111?
-11000001
In base 10, what is 188 + -5?
183
In base 11, what is -1 + -42?
-43
In base 6, what is -15 - 5?
-24
In base 9, what is -1361 + 1?
-1360
In base 5, what is -224300 + 0?
-224300
In base 16, what is -30f + -5?
-314
In base 12, what is 17 - 269?
-252
In base 10, what is -1 + 9?
8
In base 16, what is 3 - -1d?
20
In base 5, what is -242 + -3?
-300
In base 16, what is -ada - 5?
-adf
In base 2, what is -100110111 - -1?
-100110110
In base 9, what is 1 - -616?
617
In base 7, what is -40 + 5?
-32
In base 14, what is -d5b1 - 3?
-d5b4
In base 5, what is 20 + -331?
-311
In base 3, what is 1 - 121212?
-121211
In base 8, what is 0 - -5017?
5017
In base 4, what is 3 - 133033?
-133030
In base 10, what is -70 - 26?
-96
In base 9, what is 1368 - 5?
1363
In base 5, what is -113 - -30?
-33
In base 5, what is -402 + 3?
-344
In base 11, what is -19 - 280?
-299
In base 2, what is 1110111101111 + -11?
1110111101100
In base 14, what is 7 - 139?
-132
In base 9, what is -86 + 350?
253
In base 7, what is -1566 - 4?
-1603
In base 15, what is -6b + 1d?
-4d
In base 11, what is 38 + 5?
42
In base 10, what is 2 - -6?
8
In base 9, what is 41 + 3?
44
In base 13, what is -3028 - 0?
-3028
In base 8, what is 1007 - 4?
1003
In base 2, what is -101 - -1010?
101
In base 6, what is -11043 - -2?
-11041
In base 12, what is -6 + -13?
-19
In base 9, what is -1770 + -2?
-1772
In base 4, what is -101 - 231?
-332
In base 6, what is -13340 - 3?
-13343
In base 9, what is 2571 + 2?
2573
In base 11, what is 148 - 82?
76
In base 13, what is -465 - -4?
-461
In base 16, what is -d - 0?
-d
In base 14, what is 4a7 - 1?
4a6
In base 10, what is -87 + 2?
-85
In base 12, what is a1 + -21?
80
In base 9, what is -18 - -43?
24
In base 8, what is -150 + 4?
-144
In base 4, what is 2233311 + 10?
2233321
In base 14, what is 1 + -341?
-340
In base 16, what is 3 + -21?
-1e
In base 3, what is -11 - -11222?
11211
In base 2, what is -101 - 100010010?
-100010111
In base 4, what is 12 + 1111?
1123
In base 5, what is 231 + 40?
321
In base 15, what is 49 + 8?
52
In base 16, what is 5c + 5?
61
In base 12, what is 1a - 4?
16
In base 6, what is 530 - 40?
450
In base 2, what is 1000010010 + -100?
1000001110
In base 15, what is 1937 + 1?
1938
In base 12, what is 3 + 28?
2b
In base 2, what is -101 - 1011?
-10000
In base 14, what is -3 - 3a8?
-3ab
In base 11, what is a - 163?
-154
In base 2, what is 0 - 1000011101101?
-1000011101101
In base 2, what is 11001111110 + -11?
11001111011
In base 5, what is 1120 + -1?
1114
In base 10, what is -276 + 1?
-275
In base 10, what is -2 - 38?
-40
In base 4, what is -1 - 21320?
-21321
In base 2, what is 0 - -10010101?
10010101
In base 4, what is 2 + 113?
121
In base 5, what is 31041 - 12?
31024
In base 13, what is 2 - 20?
-1b
In base 15, what is -3 - 32?
-35
In base 4, what is 121 + 12313?
13100
In base 5, what is 0 + 33?
33
In base 3, what is 12 + 220?
1002
In base 12, what is -65b + -4?
-663
In base 14, what is 4 + -233?
-22d
In base 6, what is 1 - -325?
330
In base 4, what is -10320 + -3?
-10323
In base 5, what is -22 - 2202?
-2224
In base 7, what is -50 + 0?
-50
In base 15, what is 16 - 2?
14
In base 6, what is 315 + 0?
315
In base 11, what is -22 + 27?
5
In base 4, what is 1200 - 2?
1132
In base 12, what is 3 - 59?
-56
In base 2, what is -1 + -1000110111?
-1000111000
In base 6, what is -4 - 15112?
-15120
In base 12, what is -55 - 2?
-57
In base 15, what is 9 - 2b?
-22
In base 2, what is -10010011111 - 100?
-10010100011
In base 5, what is 34040 - -3?
34043
In base 11, what is 9 - 0?
9
In base 3, what is -12020020 - -1?
-12020012
In base 9, what is -75 - 17?
-103
In base 2, what is -1 + 10111101000?
10111100111
In base 5, what is 2 - -332?
334
In base 2, what is -1 + 111100?
111011
In base 2, what is -1100 - 111111?
-1001011
In base 16, what is -9f2 + 3?
-9ef
In base 10, what is 4 - 9?
-5
In base 8, what is 104 - -224?
330
In base 5, what is 411 - 1?
410
In base 3, what is 11 - 102?
-21
In base 5, what is 2 - -311?
313
In base 14, what is 15 - 13?
2
In base 16, what is 63d + -3?
63a
In base 3, what is 22 + -222122?
-222100
In base 3, what is 10 - -220?
1000
In base 10, what is -8 + -601?
-609
In base 7, what is 20 - 3015?
-2665
In base 15, what is -2 + 75d?
75b
In base 12, what is 121 - 0?
121
In base 5, what is 2 - -1003?
1010
In base 16, what is -3d + 23?
-1a
In base 6, what is 3 - -5120?
5123
In base 13, what is 17 - -44?
5b
In base 2, what is 1100 - 11?
1001
In base 9, what is -5 + 1316?
1311
In base 10, what is -615 - -14?
-601
In base 2, what is 1111 + -101111?
-100000
In base 2, what is -100 + -110010?
-110110
In base 5, what is 10 + 201241?
201301
In base 14, what is 3 - -20?
23
In base 5, what is -200 + -12?
-212
In base 7, what is 0 + 415?
415
In base 15, what is -10 + -9?
-19
In base 6, what is 1005 - -5?
1014
In base 3, what is -200021 + -11?
-200102
In base 7, what is 4 - -103?
110
In base 9, what is 61 + 0?
61
In base 8, what is 445 + 2?
447
In base 4, what is -31113 + 0?
-31113
In base 5, what is 1 + -113303?
-113302
In base 6, what is -20442 - -2?
-20440
In base 4, what is -22 - 111300?
-111322
In base 2, what is 1001011000 - -101?
1001011101
In base 8, what is 1277 - 0?
1277
In base 2, what is -11111100 - -100?
-11111000
In base 16, what is -40 + 72?
32
In base 8, what is -2631 + 4?
-2625
In base 8, what is -4 + -136?
-142
In base 4, what is 200 - -13?
213
In base 6, what is 2202 + -1?
2201
In base 9, what is 162 - 48?
113
In base 8, what is -166 + 23?
-143
In base 14, what is 1c - 0?
1c
In base 7, what is 21 - -35?
56
In base 10, what is -18 - -150?
132
In base 16, what is -2 - -12e?
12c
In base 13, what is -372 - -2?
-370
In base 12, what is -988 - -11?
-977
In base 8, what is 12011 - -5?
12016
In base 7, what is -21 - -214?
163
In base 12, what is -3 - 449?
-450
In base 7, what is 6 + 1602?
1611
In base 10, what is -15493 + 2?
-15491
In base 12, what is 4886 + -4?
4882
In base 2, what is -1011011000111 - 10?
-1011011001001
In base 6, what is 0 + 15?
15
In base 2, what is -101 + 110001?
101100
In base 9, what is -4 - 78?
-83
In base 2, what is 101100 - -101?
110001
In base 12, what is 6474 + 1?
6475
In base 14, what is 1 + 16a?
16b
In base 2, what is -11 + 11100?
11001
In base 16, what is 1b - -2?
1d
In base 10, what is 26 + 1?
27
In base 7, what is 4 + 25064?
25101
In base 9, what is -101 - -4?
-86
In base 14, what is 133 - 18?
119
In base 10, what is 21 + -354?
-333
In base 15, what is 0 - 1a?
-1a
In base 9, what is -2 + -50?
-52
In base 15, what is 3 + 24?
27
In base 10, what is 19 - -13?
32
In base 10, what is 9 + 72?
81
In base 5, what is -4021 + -13?
-4034
In base 11, what is -29 - 9?
-37
In base 9, what is 235 + 12?
247
In base 16, what is 8 + 261?
269
In base 11, what is -a36 + -15?
-a50
In base 11, what is 2 - -885?
887
In base 6, what is 2 + 1214?
1220
In base 3, what is -101 - -1010?
202
In base 7, what is -1 - 23031?
-23032
In base 9, what is 470 - 5?
464
In base 10, what is -14 - 3?
-17
In base 2, what is -1010111 + 111010?
-11101
In base 15, what is -4 - 223?
-227
In base 7, what is -5 + 22?
14
In base 13, what is -3b9 + 0?
-3b9
In base 12, what is 22 - 557?
-535
In base 3, what is -22 + 12?
-10
In base 13, what is -45 - -3?
-42
In base 2, what is -101 + -1010101110000?
-1010101110101
In base 11, what is 4014 + 4?
4018
In base 12, what is -442b - -4?
-4427
In base 14, what is 79a + 3?
79d
In base 4, what is -21 - 22?
-103
In base 16, what is 38 - -d5?
10d
In base 15, what is 23 + e?
32
In base 8, what is 40 - 40?
0
In base 3, what is 11 - -201110?
201121
In base 6, what is -21 + -23?
-44
In base 6, what is -40 + -10?
-50
In base 9, what is -6 - 5?
